n 10245 is divided by 10245?
0
What is the remainder when 2190 is divided by 92?
74
Calculate the remainder when 391141 is divided by 891.
883
What is the remainder when 2276 is divided by 1554?
722
What is the remainder when 127 is divided by 2?
1
Calculate the remainder when 34724 is divided by 866.
84
Calculate the remainder when 1788 is divided by 37.
12
What is the remainder when 21634 is divided by 568?
50
What is the remainder when 11846 is divided by 1692?
2
Calculate the remainder when 997 is divided by 434.
129
What is the remainder when 2708 is divided by 339?
335
What is the remainder when 19048 is divided by 6343?
19
Calculate the remainder when 2826 is divided by 22.
10
What is the remainder when 5487 is divided by 207?
105
What is the remainder when 14975 is divided by 384?
383
What is the remainder when 1212 is divided by 385?
57
Calculate the remainder when 7233 is divided by 885.
153
What is the remainder when 34297 is divided by 100?
97
Calculate the remainder when 126606 is divided by 42196.
18
What is the remainder when 3208 is divided by 457?
9
What is the remainder when 67188 is divided by 11?
0
What is the remainder when 132711 is divided by 553?
544
Calculate the remainder when 13939 is divided by 6964.
11
What is the remainder when 5125 is divided by 50?
25
What is the remainder when 10289 is divided by 77?
48
What is the remainder when 3338 is divided by 467?
69
Calculate the remainder when 65249 is divided by 87.
86
Calculate the remainder when 4117 is divided by 242.
3
Calculate the remainder when 92926 is divided by 19.
16
What is the remainder when 2292 is divided by 758?
18
Calculate the remainder when 21904 is divided by 626.
620
What is the remainder when 8836 is divided by 2943?
7
What is the remainder when 9567 is divided by 63?
54
Calculate the remainder when 1349 is divided by 16.
5
Calculate the remainder when 12858 is divided by 186.
24
What is the remainder when 165787 is divided by 4?
3
Calculate the remainder when 4925 is divided by 704.
701
Calculate the remainder when 34844 is divided by 711.
5
What is the remainder when 132525 is divided by 2174?
2085
What is the remainder when 90599 is divided by 7?
5
What is the remainder when 8811087 is divided by 104?
103
What is the remainder when 6154 is divided by 926?
598
Calculate the remainder when 9047 is divided by 12.
11
Calculate the remainder when 127602 is divided by 63801.
0
What is the remainder when 4887 is divided by 68?
59
What is the remainder when 31676 is divided by 16?
12
Calculate the remainder when 116238 is divided by 83.
38
Calculate the remainder when 42946 is divided by 118.
112
What is the remainder when 4545 is divided by 12?
9
Calculate the remainder when 2718 is divided by 6.
0
What is the remainder when 65603 is divided by 21?
20
What is the remainder when 4039 is divided by 269?
4
What is the remainder when 111700 is divided by 37?
34
What is the remainder when 135943 is divided by 33980?
23
What is the remainder when 1050 is divided by 22?
16
What is the remainder when 2108 is divided by 30?
8
What is the remainder when 356478 is divided by 12?
6
What is the remainder when 124484 is divided by 171?
167
Calculate the remainder when 17609 is divided by 840.
809
What is the remainder when 41766 is divided by 194?
56
What is the remainder when 33489 is divided by 49?
22
Calculate the remainder when 1662 is divided by 548.
18
What is the remainder when 42272 is divided by 73?
5
Calculate the remainder when 147713 is divided by 4616.
1
Calculate the remainder when 10014 is divided by 766.
56
Calculate the remainder when 5248241 is divided by 539.
537
Calculate the remainder when 86949 is divided by 8.
5
Calculate the remainder when 15649 is divided by 174.
163
What is the remainder when 15370 is divided by 572?
498
Calculate the remainder when 15213 is divided by 3754.
197
What is the remainder when 25281 is divided by 2659?
1350
What is the remainder when 25225 is divided by 224?
137
What is the remainder when 4398 is divided by 2150?
98
Calculate the remainder when 2301 is divided by 726.
123
Calculate the remainder when 5430 is divided by 583.
183
Calculate the remainder when 87931 is divided by 76.
75
What is the remainder when 141359 is divided by 100?
59
What is the remainder when 26241 is divided by 375?
366
Calculate the remainder when 187800 is divided by 37552.
40
What is the remainder when 44893 is divided by 41?
39
What is the remainder when 155344 is divided by 532?
0
Calculate the remainder when 2810 is divided by 763.
521
Calculate the remainder when 72857 is divided by 49.
43
What is the remainder when 59041 is divided by 18?
1
Calculate the remainder when 215890 is divided by 6.
4
What is the remainder when 229013 is divided by 842?
831
Calculate the remainder when 5573 is divided by 22.
7
What is the remainder when 1115 is divided by 546?
23
What is the remainder when 2121 is divided by 1030?
61
What is the remainder when 23065 is divided by 316?
313
Calculate the remainder when 243449 is divided by 2012.
2009
What is the remainder when 2044 is divided by 38?
30
Calculate the remainder when 243776 is divided by 66.
38
Calculate the remainder when 1507 is divided by 43.
2
Calculate the remainder when 62999 is divided by 72.
71
Calculate the remainder when 13915 is divided by 866.
59
What is the remainder when 6214 is divided by 2902?
410
What is the remainder when 37485 is divided by 6?
3
Calculate the remainder when 18840 is divided by 1447.
29
What is the remainder when 1747 is divided by 163?
117
What is the remainder when 38642 is divided by 809?
619
What is the remainder when 7058 is divided by 3516?
26
What is the remainder when 5242 is divided by 15?
7
What is the remainder when 162456 is divided by 2138?
2106
Calculate the remainder when 326028 is divided by 921.
915
Calculate the remainder when 399444 is divided by 49929.
12
Calculate the remainder when 16204 is divided by 850.
54
What is the remainder when 27816 is divided by 241?
101
What is the remainder when 66539 is divided by 94?
81
What is the remainder when 8415 is divided by 323?
17
Calculate the remainder when 622909 is divided by 88980.
49
What is the remainder when 9901458 is divided by 20?
18
Calculate the remainder when 15046 is divided by 43.
39
Calculate the remainder when 5107 is divided by 973.
242
What is the remainder when 75368 is divided by 7534?
28
Calculate the remainder when 11545 is divided by 77.
72
Calculate the remainder when 217125 is divided by 770.
755
What is the remainder when 1455 is divided by 41?
20
Calculate the remainder when 134060 is divided by 16.
12
What is the remainder when 26107 is divided by 231?
4
Calculate the remainder when 47669 is divided by 125.
44
What is the remainder when 2599 is divided by 21?
16
Calculate the remainder when 1981 is divided by 91.
70
Calculate the remainder when 36245 is divided by 21.
20
Calculate the remainder when 439 is divided by 14.
5
What is the remainder when 2691 is divided by 9?
0
What is the remainder when 8258 is divided by 1343?
200
What is the remainder when 176097 is divided by 3913?
12
What is the remainder when 1778 is divided by 74?
2
Calculate the remainder when 9883 is divided by 41.
2
What is the remainder when 595415 is divided by 75?
65
Calculate the remainder when 4715 is divided by 6.
5
Calculate the remainder when 2555 is divided by 122.
115
Calculate the remainder when 5956 is divided by 254.
114
Calculate the remainder when 21518 is divided by 1787.
74
Calculate the remainder when 1356 is divided by 16.
12
Calculate the remainder when 284531 is divided by 599.
6
What is the remainder when 14380 is divided by 3594?
4
What is the remainder when 89057 is divided by 1188?
1145
What is the remainder when 1308813 is divided by 48?
45
Calculate the remainder when 923 is divided by 651.
272
Calculate the remainder when 12026 is divided by 52.
14
What is the remainder when 14715 is divided by 2416?
219
What is the remainder when 11558 is divided by 15?
8
Calculate the remainder when 203990 is divided by 1351.
1340
What is the remainder when 308958 is divided by 32?
30
Calculate the remainder when 588 is divided by 101.
83
What is the remainder when 2152790 is di